lue of 5 - (-3 + (-9 - -8)) - (4 + 25 + -2)?
-18
What is the value of -86 + 42 + 75 - 5?
26
72 + ((40 - 17) + -36 - (-5 - (2 + -5)))
61
What is 77 + (9 - (78 + -68))?
76
What is the value of 35 + -21 + -42 - -32?
4
-11 + -3 + (-7 - (6 - 2))
-25
Evaluate -820 + 745 - (-38 + 1).
-38
27344 + -27348 + -93 + -2 + (1 - 0) + 0
-98
What is 9 - (-1 + 21 - (28 + -6 + -6 - 14))?
-9
56 + (112 - (103 - 40))
105
Evaluate 17 + 18 + 21 + -24.
32
Evaluate 63 + (13 - (128 + -37)).
-15
52 - (3 - 1 - ((12 + -20 - 3) + 24))
63
Evaluate 27 - 2 - ((-13 - -4 - -1) + (0 - -7)).
26
What is (2 - 0 - 5) + 18 + (626 - 609)?
32
Evaluate (7 - 13) + 28 - (1 - 0) - 4.
17
(-42 - (51 - 74)) + 79
60
Evaluate -65 + (50 - (124 - 231)).
92
6 - 19 - (15 + -4 + -6)
-18
What is (11 - -17) + -34 + (2 - (-11 + -2))?
9
Calculate 10 - 0 - (317 + -202 + -97).
-8
2 + 0 + 114 + (302 - 336)
82
Evaluate 30 - 92 - -39 - 0.
-23
Evaluate 86 + -64 - 95 - -46.
-27
What is the value of (53 - 99) + 23 - (1 + -16)?
-8
What is the value of (-11 - (5 - 8) - -2) + (3 + -1 - -1)?
-3
What is 9 + (1 + -77 - 1 - (-15 + 47 + -17))?
-83
Calculate (38 - (56 + -53)) + -40.
-5
Evaluate -11 - -68 - 38 - -5.
24
What is the value of 59 + 46 + 54 + -28?
131
What is 6004 + -5997 + -30 + -3?
-26
Evaluate -97 + (29 - -28) + -15 + -2.
-57
Calculate -8 - -48 - (23 - -31).
-14
-42 + -1 + ((0 - -6) + (-68 - -51) - -2)
-52
What is (38 + 17 - 6) + (-5 - 35)?
9
Calculate -31 - (-23 + 77 - 7).
-78
Calculate -17 - (3 + (-3 - (-2 + 12)) + 577 + -553).
-31
Calculate (-55 - (-19 - 28)) + 36.
28
What is the value of 475 + -473 + (-10 - -61)?
53
Evaluate -26 + 60 - (-4 + (-46 - -20)).
64
Evaluate (-13 - -24) + -7 - (-8 - (-8 + -52)).
-48
Calculate -2 + (42 - -6) - (991 - 978).
33
What is 17 + (9 - 0 - -27)?
53
Evaluate -8 + -161 - (32 + (-33 - 32)).
-136
(27 - (19 + (77 - 24))) + (-1 - 14)
-60
What is -45 + (91 - 43) + 34?
37
Evaluate (8 - -52) + 10 + 4 + (-12 - 12).
50
Evaluate (-4 - 8) + (97 - 86) + -2 + 9.
6
Calculate -1 + (2 + (1 - 1) - 3) + -47 + 105.
56
What is 5 + (36 - 23 - (-25 + 38))?
5
Evaluate (-12 + 2 - (18 + 7 - (1 + 6))) + 8.
-20
Calculate 6 + (10 - 2) + (1 - 22) + 4 + 18.
15
What is 12 + (130 + 2 - (-252 - -258))?
138
Evaluate (4 - 4) + -23 + 76 + 0.
53
What is the value of (64 - (3 - 1)) + (20 - 1 - (-329 - -345))?
65
What is the value of -132 + (-132 + 91 - -254)?
81
Calculate ((-6 + 12 - -6) + -6 - -5) + -45.
-34
Calculate (-81 - (54 + -176)) + (6 - -1).
48
Evaluate 13 + -1 - (-179 - -132) - 14.
45
Evaluate -44 + (-25 - -12) + -15 + 13 + -1.
-60
What is (-14 - 1) + (-66 - -77) + 62 + -3?
55
What is the value of 10 + (29 - (15 - 0)) + -8?
16
Evaluate 52 + -33 + 15 - 28.
6
(0 + 0 - (11 + -1)) + 3041 + -3039 + -12
-20
Calculate 11 - ((64 - -15) + 8).
-76
What is (-6 - 1) + (-20 - 12) + (-39 - -34)?
-44
What is the value of -51 + 60 + (-9 - -2) + 4 + -13?
-7
7 - -46 - (-94 + 109)
38
Evaluate -13 - ((-10 + 0 - -21 - (4 - 1)) + 62).
-83
What is (3 - 4 - 35) + 42 + (24 - 52)?
-22
What is -7 + 16 - (-4 + (50 - -1) + -2)?
-36
What is -2 + -49 - (-22 - (-19 - (7 - -1)))?
-56
Calculate -19 + (-51 - -125) + -52 + 20 + 0.
23
(-5 - 7 - -43) + -13 - (2 - -140)
-124
What is the value of ((2 - -2) + (-12 - -21) - 55) + 6?
-36
What is (-317 - -128) + (19 - -77)?
-93
(-7146 - -7231) + -1 + -72
12
(-124 - 1) + (32 - (79 + -54))
-118
Calculate -6 + -32 + 22 + 1 + -1.
-16
-16 - (39 - (48 + (-11 - 10)))
-28
What is the value of -16 + (-26 - -6 - (-17 - -17))?
-36
(-67 - 71) + 142 + -48
-44
Calculate 119 - (-11 + (26 - 22) + -11 + 7).
130
What is -170 - (-167 + -167 + 295)?
-131
What is the value of (8 - (-6 + 6)) + -38 + -6 + (-4 - -11)?
-29
What is (99 - 11 - 80) + (83 + 1 - 1) + -2?
89
What is the value of (3 - 7) + -31 + 19 + 2 + -9?
-23
What is the value of 14 + -3 + 6 + -7 + -16 - (2 - 102)?
94
-14 - (10 + -17 + 9 + 28)
-44
Calculate -17 + (59 - (15 - 37)) + -2.
62
What is the value of 9 - (-59 - (26 - 52)) - (0 + 13)?
29
What is the value of 2 + 48 - (-173 + 197)?
26
Calculate 11 + (-86 - -74 - (3 - -22)) + -8.
-34
-1 + 7 - (-45 + (121 - 24))
-46
Calculate -60 + (19 - -7) - -34.
0
Calculate -84 - (28 + -9 - (37 + -15) - (-10 + 2)).
-89
(-12 - -16) + 0 + 3 + -16 + 5 - -14
10
(-87 - (-81 - 48)) + 69
111
-19 + -2 + 17 - -3 - 84
-85
Calculate (-23 - 68) + 95 + (1 - -7).
12
What is 0 + -94 - (-84 + 211 + -98)?
-123
Evaluate (-2462 - -2469) + (22 - (-1 - 3)).
33
Calculate (11 - (-4 + 1 - -13)) + (10 - 51).
-40
Calculate -130 - -129 - (10 + 10).
-21
What is 32 + -26 - ((1 - 2) + 42 + (2 - 0))?
-37
What is the value of (-11 - (3 - 9 - 24)) + -8?
11
Evaluate -56 + -11 + -26 + 87.
-6
-20 - 12 - (0 + -25 - 97)
90
-1 + (12 + -2 - (-2 + (54 - 6))) - 3
-40
What is the value of (-571 - -611) + (-2 - 26)?
12
Evaluate 9 + -26 + 1 - (126 - 99).
-43
-32 + 114 - 94 - (0 - ((-8 - -2) + 0))
-18
What is the value of 188 + -3 - (158 - 66)?
93
Calculate -16 + -13 + -3 + -19.
-51
What is the value of -8 + (-97 - (-3 - ((-26 - -18) + 18 + -1)))?
-93
What is the value of (48 - 20) + -74 - -24 - 12?
-34
What is 44 + -75 - (10 - 10 - -18)?
-49
Calculate 43 + -26 + 2 + 29.
48
What is 64 - 137 - (-30 - -8)?
-51
Calculate 96 - (124 + -234 + 116).
90
7 + (-9 - -24 - 26) + -2
-6
What is the value of 19 - (16 - -66) - -41?
-22
What is 5 - 2 - (395 - 417 - (-9 - -2))?
18
Evaluate -10 - (40 - (-49 + 1 + 35)).
-63
What is 51 - (-35 - 6) - (-3 - -22)?
73
102 - ((35 - 25) + -10 + 34)
68
What is the value of -37 + 1 - (131 - 142) - -29?
4
Calculate 1 + -53 - -1 - (-100 + -91 + 200).
-60
Evaluate (-6 - -10) + (5 - 23) - -5 - 2.
-11
Calculate 22 - (17 - (15 - (22 - 20))).
18
(4 + (0 - 1) - -3) + -35 + (-99 - -147)
19
Evaluate -24 + -3 - (-36 - (3 - 2 - 32)).
-22
-67 - ((35 - -32) + -24)
-110
What is (-103 - -162) + (4 - -14) - 28?
49
What is the value of (0 - 16) + -1 + (10836 - 10762)?
57
Evaluate -5 + (-18 + 8 - -4) + 17 + (4 - 39).
-29
What is (0 - (1 - 0)) + 3 + (256 + -622 - -332)?
-32
Calculate 1 - 70 - (-1557 + 1528).
-40
What is the value of 4 - (-1 - (15 - 11)) - 3 - -38?
44
Evaluate 29 + -3 + -549 + 561 + (0 - -1) + 0.
39
What is the value of -14 + (-40 - 19) + (49 - 26)?
-50
Calculate (-30 - -23) + -2 - (3 - 17 - -2) - -45.
48
What is 1 + 8 - (9 + (7 - 22) + 7) - 16?
-8
Calculate (6 - (-3 + 6)) + -47 + -5 + -1.
-50
Evaluate (-26 - -30) + -3 - (1 - -48 - -1) - 3.
-52
What is the value of 9 + 1 - (-21 + 62 + (4 - (33 + -2)))?
-4
Calculate (17 - 1) + (-4173 - -4130).
-27
-49 - (21 - 23 - 59)
12
-4 + (-2 + (-9 - 17) + -2 - -9)
-25
Evaluate (0 - 1 - -1) + -9 + 8 + -1903 + 1859.
-45
-23 - (-1 - (-6 + -2 + 7 + 11))
-12
What is 92 + -8 + 20 - (-3 + (-7 - -6) + 13)?
95
What is 54 - (-44 - (-21 - 59))?
18
What is 2 + (1 - -10 - (2 + -1 - 3))?
15
Evaluate -10 + (-41 - -10) - -41 - (-47 + 1).
46
What is the value of -73 + 63 + (-45 - 6 - -5) - -10?
-46
What is the value of 4 - (-34 - -38 - (1 + 1 + 2))?
4
-86 - (-74 + -104 + 23)
69
Evaluate (66 - 65) + 85 + 36.
122
Calculate 28 + (-1 - (3 + -2)) - (107 - 114).
33
What is -13 + (2 - 12 - -15) + (17 - 1)?
8
What is the value of -11 - (0 - (-139 - -144 - (-5 + 0)))?
-1
Calculate -34 + (35 - (-23 + 49)) + 20.
-5
What is 102 + -82 + -25 - 59?
-64
Calculate 40 - (29 + -6 - -37 - -35).
-55
What is the value of -42 - (-46 - (13 - 30) - -10)?
-23
Calculate 3 - (-3 + -10) - (-86 - -96).
6
What is the value of -21 + (11 - -7) + -12 - 2?
-17
(-9 - -19) + (-11 + 8 - 5) + 10 + 60
72
Calculate (9 - -18 - -90 - 1) + -9.
107
Calculate -73 - -79 - ((-1 - -6) + 4 + -8).
5
Calculate (29 - 13 - 76) + 79.
19
Evaluate -1120 + 1195 + -50 + 2 + -110.
-83
What is -90 + (6 + (13 - 5) - (5 + -16 - -22))?
-87
-1644 + 1644 - (-12 - 4)
16
What is the value of (27 - (10 - (-16 + 18))) + -40?
-21
16 + -3 + 8 + (-13 - (-35 + 21))
22
Calculate -43 + 1 + (25 - 7).
-24
Evaluate 68 + -1 - (-7182 + 7181).
68
What is the value of 1 + -22 - (-379 + 263 - (0 + -2))?
93
Calculate -37 + (-34 - -47 - (-19 + 62)).
-67
Calculate -13 + -1 - (-11 + 70 + -28 + -9 + -16).
-20
Calculate 48 + -5 - ((41 - 28) + -16 + 6).
40
Calculate (-1 - -1 - -13) + 1 - (-153 - (51 + -266)).
-48
1 + -50 + (-10684 - -10666)
-67
What is the value of (84 - 118) + (-20 - -4)?
-50
Evaluate (26 - (35 - 17)) + (17 - 2 - 7 - 1).
15
What is (15 - (-11 - -31)) + (-44 - 9)?
-58
(0 - -37) + (-13 - 0)